{"id":116,"date":"2021-01-22T15:51:46","date_gmt":"2021-01-22T20:51:46","guid":{"rendered":"https:\/\/ensembleconcerts.com\/dev\/?post_type=touslesartistes&#038;p=116"},"modified":"2023-12-01T10:22:29","modified_gmt":"2023-12-01T15:22:29","slug":"alias","status":"publish","type":"touslesartistes","link":"https:\/\/ensembleconcerts.com\/fr\/artistes\/alias\/","title":{"rendered":"ALIAS"},"content":{"rendered":"","protected":false},"featured_media":1538,"template":"","meta":{"_acf_changed":false},"agent":[8],"class_list":["post-116","touslesartistes","type-touslesartistes","status-publish","has-post-thumbnail","hentry","agent-romain-piquerez"],"acf":[],"yoast_head":"<!-- This site is optimized with the Yoast SEO plugin v27.5 - https:\/\/yoast.com\/product\/yoast-seo-wordpress\/ -->\n<title>ALIAS - Ensemble Concerts<\/title>\n<meta name=\"robots\" content=\"index, follow, max-snippet:-1, max-image-preview:large, max-video-preview:-1\" \/>\n<link rel=\"canonical\" href=\"https:\/\/ensembleconcerts.com\/fr\/artistes\/alias\/\" \/>\n<meta property=\"og:locale\" content=\"fr_CA\" \/>\n<meta property=\"og:type\" content=\"article\" \/>\n<meta property=\"og:title\" content=\"ALIAS - Ensemble Concerts\" \/>\n<meta property=\"og:url\" content=\"https:\/\/ensembleconcerts.com\/fr\/artistes\/alias\/\" \/>\n<meta property=\"og:site_name\" content=\"Ensemble Concerts\" \/>\n<meta property=\"article:publisher\" content=\"https:\/\/www.facebook.com\/ensembleconcerts\" \/>\n<meta property=\"article:modified_time\" content=\"2023-12-01T15:22:29+00:00\" \/>\n<meta property=\"og:image\" content=\"https:\/\/ensembleconcerts.com\/wp-content\/uploads\/2021\/01\/alias-sm.jpg\" \/>\n\t<meta property=\"og:image:width\" content=\"800\" \/>\n\t<meta property=\"og:image:height\" content=\"702\" \/>\n\t<meta property=\"og:image:type\" content=\"image\/jpeg\" \/>\n<meta name=\"twitter:card\" content=\"summary_large_image\" \/>\n<meta name=\"twitter:site\" content=\"@ensemble_cnsrts\" \/>\n<script type=\"application\/ld+json\" class=\"yoast-schema-graph\">{\"@context\":\"https:\\\/\\\/schema.org\",\"@graph\":[{\"@type\":\"WebPage\",\"@id\":\"https:\\\/\\\/ensembleconcerts.com\\\/fr\\\/artistes\\\/alias\\\/\",\"url\":\"https:\\\/\\\/ensembleconcerts.com\\\/fr\\\/artistes\\\/alias\\\/\",\"name\":\"ALIAS - Ensemble Concerts\",\"isPartOf\":{\"@id\":\"https:\\\/\\\/ensembleconcerts.com\\\/fr\\\/#website\"},\"primaryImageOfPage\":{\"@id\":\"https:\\\/\\\/ensembleconcerts.com\\\/fr\\\/artistes\\\/alias\\\/#primaryimage\"},\"image\":{\"@id\":\"https:\\\/\\\/ensembleconcerts.com\\\/fr\\\/artistes\\\/alias\\\/#primaryimage\"},\"thumbnailUrl\":\"https:\\\/\\\/ensembleconcerts.com\\\/wp-content\\\/uploads\\\/2021\\\/01\\\/alias-sm.jpg\",\"datePublished\":\"2021-01-22T20:51:46+00:00\",\"dateModified\":\"2023-12-01T15:22:29+00:00\",\"breadcrumb\":{\"@id\":\"https:\\\/\\\/ensembleconcerts.com\\\/fr\\\/artistes\\\/alias\\\/#breadcrumb\"},\"inLanguage\":\"fr-CA\",\"potentialAction\":[{\"@type\":\"ReadAction\",\"target\":[\"https:\\\/\\\/ensembleconcerts.com\\\/fr\\\/artistes\\\/alias\\\/\"]}]},{\"@type\":\"ImageObject\",\"inLanguage\":\"fr-CA\",\"@id\":\"https:\\\/\\\/ensembleconcerts.com\\\/fr\\\/artistes\\\/alias\\\/#primaryimage\",\"url\":\"https:\\\/\\\/ensembleconcerts.com\\\/wp-content\\\/uploads\\\/2021\\\/01\\\/alias-sm.jpg\",\"contentUrl\":\"https:\\\/\\\/ensembleconcerts.com\\\/wp-content\\\/uploads\\\/2021\\\/01\\\/alias-sm.jpg\",\"width\":800,\"height\":702},{\"@type\":\"BreadcrumbList\",\"@id\":\"https:\\\/\\\/ensembleconcerts.com\\\/fr\\\/artistes\\\/alias\\\/#breadcrumb\",\"itemListElement\":[{\"@type\":\"ListItem\",\"position\":1,\"name\":\"Home\",\"item\":\"https:\\\/\\\/ensembleconcerts.com\\\/fr\\\/\"},{\"@type\":\"ListItem\",\"position\":2,\"name\":\"ALIAS\"}]},{\"@type\":\"WebSite\",\"@id\":\"https:\\\/\\\/ensembleconcerts.com\\\/fr\\\/#website\",\"url\":\"https:\\\/\\\/ensembleconcerts.com\\\/fr\\\/\",\"name\":\"Ensemble Concerts\",\"description\":\"A boutique talent agency based out of Montreal - Agence de booking bas\u00e9e \u00e0 Montr\u00e9al\",\"publisher\":{\"@id\":\"https:\\\/\\\/ensembleconcerts.com\\\/fr\\\/#organization\"},\"potentialAction\":[{\"@type\":\"SearchAction\",\"target\":{\"@type\":\"EntryPoint\",\"urlTemplate\":\"https:\\\/\\\/ensembleconcerts.com\\\/fr\\\/?s={search_term_string}\"},\"query-input\":{\"@type\":\"PropertyValueSpecification\",\"valueRequired\":true,\"valueName\":\"search_term_string\"}}],\"inLanguage\":\"fr-CA\"},{\"@type\":\"Organization\",\"@id\":\"https:\\\/\\\/ensembleconcerts.com\\\/fr\\\/#organization\",\"name\":\"Ensemble Concerts\",\"url\":\"https:\\\/\\\/ensembleconcerts.com\\\/fr\\\/\",\"logo\":{\"@type\":\"ImageObject\",\"inLanguage\":\"fr-CA\",\"@id\":\"https:\\\/\\\/ensembleconcerts.com\\\/fr\\\/#\\\/schema\\\/logo\\\/image\\\/\",\"url\":\"https:\\\/\\\/ensembleconcerts.com\\\/wp-content\\\/uploads\\\/2021\\\/03\\\/logo-ensemble-concert-rond-noir-fb.png\",\"contentUrl\":\"https:\\\/\\\/ensembleconcerts.com\\\/wp-content\\\/uploads\\\/2021\\\/03\\\/logo-ensemble-concert-rond-noir-fb.png\",\"width\":600,\"height\":588,\"caption\":\"Ensemble Concerts\"},\"image\":{\"@id\":\"https:\\\/\\\/ensembleconcerts.com\\\/fr\\\/#\\\/schema\\\/logo\\\/image\\\/\"},\"sameAs\":[\"https:\\\/\\\/www.facebook.com\\\/ensembleconcerts\",\"https:\\\/\\\/x.com\\\/ensemble_cnsrts\"]}]}<\/script>\n<!-- \/ Yoast SEO plugin. -->","yoast_head_json":{"title":"ALIAS - Ensemble Concerts","robots":{"index":"index","follow":"follow","max-snippet":"max-snippet:-1","max-image-preview":"max-image-preview:large","max-video-preview":"max-video-preview:-1"},"canonical":"https:\/\/ensembleconcerts.com\/fr\/artistes\/alias\/","og_locale":"fr_CA","og_type":"article","og_title":"ALIAS - Ensemble Concerts","og_url":"https:\/\/ensembleconcerts.com\/fr\/artistes\/alias\/","og_site_name":"Ensemble Concerts","article_publisher":"https:\/\/www.facebook.com\/ensembleconcerts","article_modified_time":"2023-12-01T15:22:29+00:00","og_image":[{"width":800,"height":702,"url":"https:\/\/ensembleconcerts.com\/wp-content\/uploads\/2021\/01\/alias-sm.jpg","type":"image\/jpeg"}],"twitter_card":"summary_large_image","twitter_site":"@ensemble_cnsrts","schema":{"@context":"https:\/\/schema.org","@graph":[{"@type":"WebPage","@id":"https:\/\/ensembleconcerts.com\/fr\/artistes\/alias\/","url":"https:\/\/ensembleconcerts.com\/fr\/artistes\/alias\/","name":"ALIAS - Ensemble Concerts","isPartOf":{"@id":"https:\/\/ensembleconcerts.com\/fr\/#website"},"primaryImageOfPage":{"@id":"https:\/\/ensembleconcerts.com\/fr\/artistes\/alias\/#primaryimage"},"image":{"@id":"https:\/\/ensembleconcerts.com\/fr\/artistes\/alias\/#primaryimage"},"thumbnailUrl":"https:\/\/ensembleconcerts.com\/wp-content\/uploads\/2021\/01\/alias-sm.jpg","datePublished":"2021-01-22T20:51:46+00:00","dateModified":"2023-12-01T15:22:29+00:00","breadcrumb":{"@id":"https:\/\/ensembleconcerts.com\/fr\/artistes\/alias\/#breadcrumb"},"inLanguage":"fr-CA","potentialAction":[{"@type":"ReadAction","target":["https:\/\/ensembleconcerts.com\/fr\/artistes\/alias\/"]}]},{"@type":"ImageObject","inLanguage":"fr-CA","@id":"https:\/\/ensembleconcerts.com\/fr\/artistes\/alias\/#primaryimage","url":"https:\/\/ensembleconcerts.com\/wp-content\/uploads\/2021\/01\/alias-sm.jpg","contentUrl":"https:\/\/ensembleconcerts.com\/wp-content\/uploads\/2021\/01\/alias-sm.jpg","width":800,"height":702},{"@type":"BreadcrumbList","@id":"https:\/\/ensembleconcerts.com\/fr\/artistes\/alias\/#breadcrumb","itemListElement":[{"@type":"ListItem","position":1,"name":"Home","item":"https:\/\/ensembleconcerts.com\/fr\/"},{"@type":"ListItem","position":2,"name":"ALIAS"}]},{"@type":"WebSite","@id":"https:\/\/ensembleconcerts.com\/fr\/#website","url":"https:\/\/ensembleconcerts.com\/fr\/","name":"Ensemble Concerts","description":"A boutique talent agency based out of Montreal - Agence de booking bas\u00e9e \u00e0 Montr\u00e9al","publisher":{"@id":"https:\/\/ensembleconcerts.com\/fr\/#organization"},"potentialAction":[{"@type":"SearchAction","target":{"@type":"EntryPoint","urlTemplate":"https:\/\/ensembleconcerts.com\/fr\/?s={search_term_string}"},"query-input":{"@type":"PropertyValueSpecification","valueRequired":true,"valueName":"search_term_string"}}],"inLanguage":"fr-CA"},{"@type":"Organization","@id":"https:\/\/ensembleconcerts.com\/fr\/#organization","name":"Ensemble Concerts","url":"https:\/\/ensembleconcerts.com\/fr\/","logo":{"@type":"ImageObject","inLanguage":"fr-CA","@id":"https:\/\/ensembleconcerts.com\/fr\/#\/schema\/logo\/image\/","url":"https:\/\/ensembleconcerts.com\/wp-content\/uploads\/2021\/03\/logo-ensemble-concert-rond-noir-fb.png","contentUrl":"https:\/\/ensembleconcerts.com\/wp-content\/uploads\/2021\/03\/logo-ensemble-concert-rond-noir-fb.png","width":600,"height":588,"caption":"Ensemble Concerts"},"image":{"@id":"https:\/\/ensembleconcerts.com\/fr\/#\/schema\/logo\/image\/"},"sameAs":["https:\/\/www.facebook.com\/ensembleconcerts","https:\/\/x.com\/ensemble_cnsrts"]}]}},"_links":{"self":[{"href":"https:\/\/ensembleconcerts.com\/fr\/wp-json\/wp\/v2\/touslesartistes\/116","targetHints":{"allow":["GET"]}}],"collection":[{"href":"https:\/\/ensembleconcerts.com\/fr\/wp-json\/wp\/v2\/touslesartistes"}],"about":[{"href":"https:\/\/ensembleconcerts.com\/fr\/wp-json\/wp\/v2\/types\/touslesartistes"}],"wp:featuredmedia":[{"embeddable":true,"href":"https:\/\/ensembleconcerts.com\/fr\/wp-json\/wp\/v2\/media\/1538"}],"wp:attachment":[{"href":"https:\/\/ensembleconcerts.com\/fr\/wp-json\/wp\/v2\/media?parent=116"}],"wp:term":[{"taxonomy":"agent","embeddable":true,"href":"https:\/\/ensembleconcerts.com\/fr\/wp-json\/wp\/v2\/agent?post=116"}],"curies":[{"name":"wp","href":"https:\/\/api.w.org\/{rel}","templated":true}]}}

<!-- This site is optimized with the Yoast SEO plugin v27.5 - https://yoast.com/product/yoast-seo-wordpress/ -->
<title>ALIAS - Ensemble Concerts</title>
<meta name="robots" content="index, follow, max-snippet:-1, max-image-preview:large, max-video-preview:-1" />
<link rel="canonical" href="https://ensembleconcerts.com/fr/artistes/alias/" />
<meta property="og:locale" content="fr_CA" />
<meta property="og:type" content="article" />
<meta property="og:title" content="ALIAS - Ensemble Concerts" />
<meta property="og:url" content="https://ensembleconcerts.com/fr/artistes/alias/" />
<meta property="og:site_name" content="Ensemble Concerts" />
<meta property="article:publisher" content="https://www.facebook.com/ensembleconcerts" />
<meta property="article:modified_time" content="2023-12-01T15:22:29+00:00" />
<meta property="og:image" content="https://ensembleconcerts.com/wp-content/uploads/2021/01/alias-sm.jpg" />
	<meta property="og:image:width" content="800" />
	<meta property="og:image:height" content="702" />
	<meta property="og:image:type" content="image/jpeg" />
<meta name="twitter:card" content="summary_large_image" />
<meta name="twitter:site" content="@ensemble_cnsrts" />
<script type="application/ld+json" class="yoast-schema-graph">{"@context":"https:\/\/schema.org","@graph":[{"@type":"WebPage","@id":"https:\/\/ensembleconcerts.com\/fr\/artistes\/alias\/","url":"https:\/\/ensembleconcerts.com\/fr\/artistes\/alias\/","name":"ALIAS - Ensemble Concerts","isPartOf":{"@id":"https:\/\/ensembleconcerts.com\/fr\/#website"},"primaryImageOfPage":{"@id":"https:\/\/ensembleconcerts.com\/fr\/artistes\/alias\/#primaryimage"},"image":{"@id":"https:\/\/ensembleconcerts.com\/fr\/artistes\/alias\/#primaryimage"},"thumbnailUrl":"https:\/\/ensembleconcerts.com\/wp-content\/uploads\/2021\/01\/alias-sm.jpg","datePublished":"2021-01-22T20:51:46+00:00","dateModified":"2023-12-01T15:22:29+00:00","breadcrumb":{"@id":"https:\/\/ensembleconcerts.com\/fr\/artistes\/alias\/#breadcrumb"},"inLanguage":"fr-CA","potentialAction":[{"@type":"ReadAction","target":["https:\/\/ensembleconcerts.com\/fr\/artistes\/alias\/"]}]},{"@type":"ImageObject","inLanguage":"fr-CA","@id":"https:\/\/ensembleconcerts.com\/fr\/artistes\/alias\/#primaryimage","url":"https:\/\/ensembleconcerts.com\/wp-content\/uploads\/2021\/01\/alias-sm.jpg","contentUrl":"https:\/\/ensembleconcerts.com\/wp-content\/uploads\/2021\/01\/alias-sm.jpg","width":800,"height":702},{"@type":"BreadcrumbList","@id":"https:\/\/ensembleconcerts.com\/fr\/artistes\/alias\/#breadcrumb","itemListElement":[{"@type":"ListItem","position":1,"name":"Home","item":"https:\/\/ensembleconcerts.com\/fr\/"},{"@type":"ListItem","position":2,"name":"ALIAS"}]},{"@type":"WebSite","@id":"https:\/\/ensembleconcerts.com\/fr\/#website","url":"https:\/\/ensembleconcerts.com\/fr\/","name":"Ensemble Concerts","description":"A boutique talent agency based out of Montreal - Agence de booking basée à Montréal","publisher":{"@id":"https:\/\/ensembleconcerts.com\/fr\/#organization"},"potentialAction":[{"@type":"SearchAction","target":{"@type":"EntryPoint","urlTemplate":"https:\/\/ensembleconcerts.com\/fr\/?s={search_term_string}"},"query-input":{"@type":"PropertyValueSpecification","valueRequired":true,"valueName":"search_term_string"}}],"inLanguage":"fr-CA"},{"@type":"Organization","@id":"https:\/\/ensembleconcerts.com\/fr\/#organization","name":"Ensemble Concerts","url":"https:\/\/ensembleconcerts.com\/fr\/","logo":{"@type":"ImageObject","inLanguage":"fr-CA","@id":"https:\/\/ensembleconcerts.com\/fr\/#\/schema\/logo\/image\/","url":"https:\/\/ensembleconcerts.com\/wp-content\/uploads\/2021\/03\/logo-ensemble-concert-rond-noir-fb.png","contentUrl":"https:\/\/ensembleconcerts.com\/wp-content\/uploads\/2021\/03\/logo-ensemble-concert-rond-noir-fb.png","width":600,"height":588,"caption":"Ensemble Concerts"},"image":{"@id":"https:\/\/ensembleconcerts.com\/fr\/#\/schema\/logo\/image\/"},"sameAs":["https:\/\/www.facebook.com\/ensembleconcerts","https:\/\/x.com\/ensemble_cnsrts"]}]}</script>
<!-- / Yoast SEO plugin. -->

A boutique talent agency based out of Montreal - Agence de booking basée à Montréal
